e 58 - ((13 - -88) + 54).
-97
What is the value of 18 + (-35 - -5) + (334 - 295)?
27
Evaluate -47 + (-17 + 32 - (21 + -10)).
-43
What is the value of (11 - (-128 - -53)) + -168?
-82
What is 31 + -7 + 20 + -41 + -40?
-37
What is 842 - 839 - (-1 + -2 + (14 - 6))?
-2
Evaluate -65 - -43 - ((-9 - -5) + 13).
-31
What is -7 - (-39 - -57) - 17?
-42
What is -70 + 7 - (1 - 12 - (26 + (-2 - 35)))?
-63
What is (-10 - -8) + -4 - 45 - (27 + -35)?
-43
What is (-3 + (14 - 2) - -4) + -56 + 79?
36
What is the value of (-134 + (4 - -17) - 15) + 20?
-108
Evaluate 0 + -13 + 5 + 2 + -27 + 89 + -4.
52
What is 14 + -4 + -17 + 23 + -2?
14
What is (4 - 2) + -151 + 180?
31
What is 9 + -21 + 33 + 11 + -13?
19
What is the value of -769 + 723 - (1 - 9)?
-38
What is the value of -54 + -3 - ((10 - 15) + -9)?
-43
What is the value of (3 - -6) + 1 + (-6 - 19) + 0?
-15
What is -11 + 6 + 22 - -102 - (6 + 2 + 2)?
109
Evaluate 40 - (93 - 55) - (1 - 4 - (-40 - -1)).
-34
Calculate (-45 - -20) + 47 + 1 - (2 - (-3 - -12)).
30
Evaluate 12 + 0 - (93 + 37 + -65).
-53
What is (8 - (-3 - -8)) + 60 + (-17 - -10) + -10?
46
What is the value of -40 + (-23 + 25 - (8 - 1 - 7))?
-38
Evaluate -23 + (-56 - (-22 + -6)).
-51
-18 + -111 + 15 + (5 - 17) + -6
-132
Evaluate (-36 - -11) + (220 - 212).
-17
What is -33 - (-15 - ((32 - 28) + -18))?
-32
25 + 25 - (-9 + (-4 - -16 - (-2 + 2)))
47
What is 77 + -69 - 78 - -142?
72
What is (-134 + 71 - -59) + 2 + -42 + -1?
-45
Evaluate 5 + -12 + (-5 - -9) + -8 + (12 - 16).
-15
-1920 + 1952 - (-2 + 76)
-42
Evaluate (2 - (-3 + 1 + 5)) + (-373 - -315).
-59
Calculate -3 - (-13 + 16) - 5.
-11
Evaluate -14 + (-16 - 3) + 9 - -20 - (93 - 1).
-96
What is the value of -2 + (9 - (10 - (-21 + 14) - 11))?
1
What is (-26 - 14) + ((-5 - -17) + -15 - 12)?
-55
What is the value of 65 + -65 - (-55 + 16)?
39
Calculate -15 - (109 - 116 - (-16 + -2)).
-26
What is (2 + -1 - 8) + -136 + 149 + -4?
2
What is the value of 6 + (-25 + (29 - -37) - 17)?
30
What is the value of 6 + -25 + -2 + 2 - 41 - 15?
-75
14 - (-177 + 166 - (-1 + -9) - 0)
15
What is the value of -6 + (1 - (14 - 20)) - 2 - -12?
11
What is -7 - -58 - -95 - 175?
-29
Evaluate (-9 + 78 - 157) + -53.
-141
Calculate -56 - 44 - ((22 - -3) + 12).
-137
Evaluate -24 + 8 + 8 + 6 + -25.
-27
-17 + (24 - 4) + 10
13
What is (1423 - 1437) + (14 - (-3 - -3))?
0
What is the value of (-3 + -15 - -83) + 17 + -14 + (2 - -1)?
71
(25 - (20 - 15 - -63)) + (0 - -9)
-34
Calculate (-11 - -3) + -33 + -26 - 11.
-78
Calculate -62 + 9 + 25 + 94.
66
Calculate 866 - 924 - (0 + 13).
-71
81 + -1 + -253 + 238
65
Evaluate (-3 - -66) + (17 - (67 - 44)).
57
Calculate (0 - -106) + -7 + 35 + -10 + (22 - 42).
104
What is the value of 8 - (0 - -9 - (-4 + -15 - -4 - -3))?
-13
What is 0 + (-17 + 26 + -6 - 12)?
-9
What is the value of 103 + (82 - (146 + 32))?
7
What is 21 - 3 - (-163 - -164)?
17
Calculate 71 + ((-5 - -3) + 33 - (2633 + -2613)).
82
Calculate 30 - 22 - (-25 + 48 - -8).
-23
What is the value of (108 - 81) + -42 + -82?
-97
Calculate -19 + 0 - (3 - (-4 + -19)).
-45
What is 15 + 23 + (425 - 434) + 2 + -3 + 1?
29
Evaluate (10 - (6 + 13 - (17 + -8))) + (-79 - 0).
-79
119 - (-20 + 45) - 117
-23
113 + (-14 + 172 - 241)
30
Evaluate 10 - (303 + -288 - (5 - 1 - (-17 - -22))).
-6
What is the value of (-31 - 1 - -65) + -46 - (14 + 0)?
-27
Evaluate (-24 - (8 - 25 - -16)) + 82.
59
What is (-49 + 9 - -55) + (0 - 0) + 3?
18
Calculate 4486 + -4422 + (-1 - 7).
56
What is -2 + 42 - (-2573 - -2572)?
41
What is the value of 2 - (6 - (-1 + -1)) - (-222 - -237)?
-21
Evaluate 9 + -1 - (5 + (1 - 12 - 11) - -8).
17
What is (313 - 298) + -2 + (6 - 9) + -50?
-40
Calculate (8 - 2) + (10 - -2) + 4 + (76 - 81).
17
Calculate (-58 - -31) + (121 - 193).
-99
What is 4 + 0 - (-8 + -22 - -21)?
13
What is -50 + 65 + (-1 - -5) + -3 - (-10 + 6)?
20
Calculate -58 - (-104 + (-60 - -50)).
56
(0 - (3 - 2)) + -62 - 12 - -12
-63
What is 31 + (73 - 151) + 28?
-19
15 - (103 + -106 + 68)
-50
What is the value of (2 - 33 - (37 - (74 + -34))) + 10 + 12?
-6
What is (-29 - -13 - -21) + -20 + 2 + 26 - -82?
95
Evaluate 3668 - 3677 - (-40 + 0).
31
Calculate -180 + 175 + (6 - 0) + -5 + 35.
31
What is the value of -23 + -5 - (-4 - -19 - 43)?
0
What is the value of 307 + -294 + -3 + 3 + -92?
-79
Calculate 0 - (-23 - 6) - (58 + -37).
8
What is -5 + -23 + (40 - -5) - -10?
27
What is the value of (-9 + 1 - (48 - (-39 + 100))) + 5 + 2?
12
Calculate 71 - (196 + (101 - 125)).
-101
13 + (58 - 30 - -1) + -11
31
Calculate -3 + -14 + (20 + -32 - 10).
-39
What is (-21 + (26 - 11) - (3 + -3)) + -7?
-13
What is the value of -6 + -11 + (84 - 11 - (2 - (-7 - -19)))?
66
-92 - (-24 + 14 + -72)
-10
Calculate -12 - 15 - (123 - 168).
18
Calculate -1 + 10 + (0 - -2) - (-9198 + 9257).
-48
What is the value of (-3 - 21) + 9 - -21 - (-3 + 33 + -3)?
-21
What is 16 + (8 - 12) - (-59 + -4 + 20)?
55
Calculate (-21 + 18 - (-6 - -1)) + -9 - 21.
-28
(-83 - 56) + 159 + -12 + -1
7
Evaluate -1 + 4 - (-1723 + 1798).
-72
What is -21 - (10 - 23 - -8) - (-5 + 52)?
-63
Calculate 227 + (46 + 65 - 226).
112
Evaluate 67 + -47 + 70 + -98.
-8
Evaluate (8 - 19) + 10 + 22 + -27.
-6
What is -51 - (25 - (76 + -29)) - (0 - 12)?
-17
Evaluate 1 + 13 + (214 + -272 - -18).
-26
Evaluate -40 - -27 - (-53 - -7 - 12 - 11).
56
-19 - (1 + (-5 - 12) - (-48 + 50))
-1
Evaluate 58 + -26 + 24 - 50.
6
What is 63 - (-61 - 1 - -100)?
25
What is the value of 2 - -20 - (-14 + -39 + 111)?
-36
What is the value of 10 - -1 - 17 - -16 - (-9 + (3 - 4))?
20
21 + -7 - (-3 - (24 + -3)) - -6
44
Calculate (-2 - (-2 - -1 - -25 - 1)) + 520 + -519.
-24
What is the value of -27 + 0 - (27 + (33 - 52) - 15)?
-20
Calculate 30 - 2 - (-69 - -153 - 19).
-37
Evaluate (185 - 77) + -60 + 21.
69
Evaluate (2 + -3 - (74 + -67) - 1) + -9.
-18
What is 21 + 89 + -36 + 11?
85
What is the value of -34 + (193 - 207 - (-6 - (-8 - -4)))?
-46
Calculate 1 + -6 - (57 + -109).
47
Calculate (-229 + 237 - (3 + -1 + 10)) + 5 + -12.
-11
Evaluate 1 + 1 - ((0 - (2 + 9)) + (43 - 13)).
-17
What is the value of 15 + (12 - (21 + -18)) + 9?
33
What is 78 + 1 - (816 + -785)?
48
Calculate (-72 - -71) + -13 + (78 - -1) + 2 + 11.
78
Evaluate (638 - 540) + (-6 - (-1 - -18)).
75
36 + (16 - 71) + -8
-27
What is the value of (59 - (1 + 56)) + 2 + 9 + (0 - 3)?
10
7 + 1 + (38 + -1 - 42) - (12 - -19)
-28
Calculate 17 - (36 + (-38 - 24)).
43
Calculate (40 - 49 - -56) + -12 + -1.
34
Calculate -831 - -740 - (-16 + -3 - (-3 - -1)).
-74
What is 15 + (-6 - (4 + -3)) - 42?
-34
What is (-141 - (40 + -29)) + 103?
-49
What is 14 - -2 - (-8 - (10 - (20 + 4)))?
10
-177 + -5 - (1288 - 1383)
-87
Calculate 54 + -48 - (-10 + 26).
-10
(146 - 69 - 58) + 41
60
(-7 - (-3 + 1)) + (53 - 43) + (70 - 118)
-43
Evaluate 35 + (-19 + 79 - 76).
19
What is 8 + -12 + (-25 - -27) + 35?
33
What is -5 + (4 + -4 + -10 + 11 - 2)?
-6
What is the value of 223 + -220 + -16 + 2 + -65?
-76
Calculate -137 + 9 - (-271 - -119).
24
What is the value of 28 - (-68 + 25 + 69)?
2
Calculate -18 + (16 + 6 - (343 + -354)).
15
Calculate 28 + -4 - (4 - (-19 + 6 + 6)).
13
(-98 - -374) + -136 - 107
33
Calculate -1 + 4 + -3 + -20 + (25 - -49).
54
(-3 - (5 + -3)) + (-1353 - -1453)
95
Evaluate 63 - (-20 - -42) - (-9 - -64).
-14
What is 142 - (155 - -20) - (8 - 1)?
-40
-37 + -172 + 143 + -24
-90
-59 - (11 + (-65 - -60)) - (-14 - 1)
-50
-14 + (6 + 5 - -9 - 8) + -51
-53
What is -12 + (-6 - -2) + 4 + (226 - 213)?
1
Evaluate -11922 + 11986 + (15 - (2 - 0)).
77
-8 - 1 - ((3 - 34) + (68 - (2 + 60)))
16
Evaluate (18 - (-11 + 6)) + (-22 - -11).
12
Calculate (264 - 298 - (3 - 33)) + -27 + -2.
-33
What is 7 + 132 + -181 + 126?
84
What is 3 + 4 - 18 - (-22 + 19) - (28 + -59)?
23
What is the value of 59 + -57 + -36 + 48?
14
Evaluate -14 + -102 + 249 - 49.
84
7 + (4 - 1) - 17 - 10 - (-5 + -4)
-8
What is the value of 43 + (-94 - -33 - -35) + -126?
-109
13 + -1 + -2 + (-13 - (16 + -31)) - 122
-110
-79 + (-96 - -291) - 161
-45
What is the value of (-39 - -15) + (0 + 5 + -3 - (-28 + 23))?
-17
(1 - 2 - 38) + 219 + (-202 - 9)
-31
(3 - -1) + (-329 - -371) + (-16 - (-3 + 1))
32
Evaluate -69 - (1 - -18 - (-46 + 109 + -57)).
-82
What is (-10 - (38 - 55)) + -19 - -145?
133
Evaluate -13 - (24 - (46 + 7)) - -10.
26
Calculate -15 - (36 + -105) - 39.
15
-13 - (3 + 0 + -5) - 80 - -20
-71
-609 + 575 + (-2 - (20 - 3))
-53
